[INFO] cloning repository https://github.com/nmrshll/auth-rs
[INFO] running `Command { std: "git" "-c" "credential.helper=" "-c" "credential.helper=/workspace/cargo-home/bin/git-credential-null" "clone" "--bare" "https://github.com/nmrshll/auth-rs" "/workspace/cache/git-repos/https%3A%2F%2Fgithub.com%2Fnmrshll%2Fauth-rs", kill_on_drop: false }`
[INFO] [stderr] Cloning into bare repository '/workspace/cache/git-repos/https%3A%2F%2Fgithub.com%2Fnmrshll%2Fauth-rs'...
[INFO] running `Command { std: "git" "rev-parse" "HEAD", kill_on_drop: false }`
[INFO] [stdout] cfb6184142cd8d1034bae5fcfc3969de46041180
[INFO] checking nmrshll/auth-rs against master#cfbc6d4cf1acbac5c025acf8ed68929caa551df3 for pr-75494-beta
[INFO] running `Command { std: "git" "clone" "/workspace/cache/git-repos/https%3A%2F%2Fgithub.com%2Fnmrshll%2Fauth-rs" "/workspace/builds/worker-5/source", kill_on_drop: false }`
[INFO] [stderr] Cloning into '/workspace/builds/worker-5/source'...
[INFO] [stderr] done.
[INFO] validating manifest of git repo https://github.com/nmrshll/auth-rs on toolchain cfbc6d4cf1acbac5c025acf8ed68929caa551df3
[INFO] running `Command { std: "/workspace/cargo-home/bin/cargo" "+cfbc6d4cf1acbac5c025acf8ed68929caa551df3" "read-manifest" "--manifest-path" "Cargo.toml", kill_on_drop: false }`
[INFO] started tweaking git repo https://github.com/nmrshll/auth-rs
[INFO] finished tweaking git repo https://github.com/nmrshll/auth-rs
[INFO] tweaked toml for git repo https://github.com/nmrshll/auth-rs written to /workspace/builds/worker-5/source/Cargo.toml
[INFO] crate git repo https://github.com/nmrshll/auth-rs already has a lockfile, it will not be regenerated
[INFO] running `Command { std: "/workspace/cargo-home/bin/cargo" "+cfbc6d4cf1acbac5c025acf8ed68929caa551df3" "fetch" "--locked" "--manifest-path" "Cargo.toml", kill_on_drop: false }`
[INFO] [stderr]  Downloading crates ...
[INFO] [stderr]   Downloaded doc-comment v0.3.1
[INFO] [stderr]   Downloaded snafu-derive v0.4.4
[INFO] [stderr]   Downloaded snafu v0.4.4
[INFO] [stderr]   Downloaded http-body v0.2.0-alpha.1
[INFO] [stderr]   Downloaded tokio v0.2.0-alpha.4
[INFO] [stderr]   Downloaded tokio-fs v0.2.0-alpha.4
[INFO] [stderr]   Downloaded tokio-codec v0.2.0-alpha.4
[INFO] [stderr]   Downloaded tower-service v0.3.0-alpha.1
[INFO] [stderr]   Downloaded tokio-net v0.2.0-alpha.4
[INFO] [stderr]   Downloaded tokio-macros v0.2.0-alpha.4
[INFO] [stderr]   Downloaded tokio-timer v0.3.0-alpha.4
[INFO] [stderr]   Downloaded tokio-io v0.2.0-alpha.4
[INFO] [stderr]   Downloaded tokio-executor v0.2.0-alpha.4
[INFO] [stderr]   Downloaded pin-project v0.4.0-alpha.7
[INFO] [stderr]   Downloaded tracing-attributes v0.1.5
[INFO] [stderr]   Downloaded tracing v0.1.10
[INFO] [stderr]   Downloaded pin-project-internal v0.4.0-alpha.7
[INFO] [stderr]   Downloaded tokio-sync v0.2.0-alpha.4
[INFO] [stderr]   Downloaded tower-make v0.1.0-alpha.2
[INFO] [stderr]   Downloaded hyper v0.13.0-alpha.1
[INFO] [stderr]   Downloaded secp256k1 v0.16.0
[INFO] [stderr]   Downloaded h2 v0.2.0-alpha.1
[INFO] [stderr]   Downloaded tracing-core v0.1.7
[INFO] running `Command { std: "docker" "create" "-v" "/var/lib/crater-agent-workspace/builds/worker-5/target:/opt/rustwide/target:rw,Z" "-v" "/var/lib/crater-agent-workspace/builds/worker-5/source:/opt/rustwide/workdir:ro,Z" "-v" "/var/lib/crater-agent-workspace/cargo-home:/opt/rustwide/cargo-home:ro,Z" "-v" "/var/lib/crater-agent-workspace/rustup-home:/opt/rustwide/rustup-home:ro,Z" "-e" "SOURCE_DIR=/opt/rustwide/workdir" "-e" "CARGO_TARGET_DIR=/opt/rustwide/target" "-e" "CARGO_HOME=/opt/rustwide/cargo-home" "-e" "RUSTUP_HOME=/opt/rustwide/rustup-home" "-w" "/opt/rustwide/workdir" "-m" "1610612736" "--user" "0:0" "--network" "none" "rustops/crates-build-env@sha256:a636fd89d022f18117e1dc8fb37a0a009933cdbbe082814857f0e2024962d47c" "/opt/rustwide/cargo-home/bin/cargo" "+cfbc6d4cf1acbac5c025acf8ed68929caa551df3" "metadata" "--no-deps" "--format-version=1", kill_on_drop: false }`
[INFO] [stderr] WARNING: Your kernel does not support swap limit capabilities or the cgroup is not mounted. Memory limited without swap.
[INFO] [stdout] 26fb39cf555e079440e7ec47d3765fc344003039075f25517774a14e4977f1cf
[INFO] running `Command { std: "docker" "start" "-a" "26fb39cf555e079440e7ec47d3765fc344003039075f25517774a14e4977f1cf", kill_on_drop: false }`
[INFO] running `Command { std: "docker" "inspect" "26fb39cf555e079440e7ec47d3765fc344003039075f25517774a14e4977f1cf", kill_on_drop: false }`
[INFO] running `Command { std: "docker" "rm" "-f" "26fb39cf555e079440e7ec47d3765fc344003039075f25517774a14e4977f1cf", kill_on_drop: false }`
[INFO] [stdout] 26fb39cf555e079440e7ec47d3765fc344003039075f25517774a14e4977f1cf
[INFO] running `Command { std: "docker" "create" "-v" "/var/lib/crater-agent-workspace/builds/worker-5/target:/opt/rustwide/target:rw,Z" "-v" "/var/lib/crater-agent-workspace/builds/worker-5/source:/opt/rustwide/workdir:ro,Z" "-v" "/var/lib/crater-agent-workspace/cargo-home:/opt/rustwide/cargo-home:ro,Z" "-v" "/var/lib/crater-agent-workspace/rustup-home:/opt/rustwide/rustup-home:ro,Z" "-e" "SOURCE_DIR=/opt/rustwide/workdir" "-e" "CARGO_TARGET_DIR=/opt/rustwide/target" "-e" "CARGO_INCREMENTAL=0" "-e" "RUST_BACKTRACE=full" "-e" "RUSTFLAGS=--cap-lints=forbid" "-e" "CARGO_HOME=/opt/rustwide/cargo-home" "-e" "RUSTUP_HOME=/opt/rustwide/rustup-home" "-w" "/opt/rustwide/workdir" "-m" "1610612736" "--user" "0:0" "--network" "none" "rustops/crates-build-env@sha256:a636fd89d022f18117e1dc8fb37a0a009933cdbbe082814857f0e2024962d47c" "/opt/rustwide/cargo-home/bin/cargo" "+cfbc6d4cf1acbac5c025acf8ed68929caa551df3" "check" "--frozen" "--all" "--all-targets" "--message-format=json", kill_on_drop: false }`
[INFO] [stdout] 175c636e97e18fb2cb4a2532b7dfe602660992afe2a7218618dbef90aaf4432c
[INFO] [stderr] WARNING: Your kernel does not support swap limit capabilities or the cgroup is not mounted. Memory limited without swap.
[INFO] running `Command { std: "docker" "start" "-a" "175c636e97e18fb2cb4a2532b7dfe602660992afe2a7218618dbef90aaf4432c", kill_on_drop: false }`
[INFO] [stderr]    Compiling libc v0.2.65
[INFO] [stderr]    Compiling autocfg v0.1.7
[INFO] [stderr]    Compiling semver-parser v0.7.0
[INFO] [stderr]    Compiling spin v0.5.2
[INFO] [stderr]    Compiling cfg-if v0.1.10
[INFO] [stderr]    Compiling scopeguard v1.0.0
[INFO] [stderr]    Compiling byteorder v1.3.2
[INFO] [stderr]    Compiling rayon-core v1.6.0
[INFO] [stderr]    Compiling proc-macro2 v1.0.6
[INFO] [stderr]    Compiling either v1.5.3
[INFO] [stderr]    Compiling unicode-xid v0.2.0
[INFO] [stderr]    Compiling syn v1.0.8
[INFO] [stderr]    Compiling log v0.4.8
[INFO] [stderr]    Compiling memchr v2.2.1
[INFO] [stderr]    Compiling maybe-uninit v2.0.0
[INFO] [stderr]    Compiling typenum v1.11.2
[INFO] [stderr]     Checking futures-core-preview v0.3.0-alpha.18
[INFO] [stderr]     Checking rand_core v0.4.2
[INFO] [stderr]     Checking fnv v1.0.6
[INFO] [stderr]     Checking pin-utils v0.1.0-alpha.4
[INFO] [stderr]     Checking slab v0.4.2
[INFO] [stderr]    Compiling failure_derive v0.1.6
[INFO] [stderr]    Compiling bitflags v1.2.1
[INFO] [stderr]    Compiling proc-macro2 v0.4.30
[INFO] [stderr]    Compiling version_check v0.1.5
[INFO] [stderr]    Compiling unicode-xid v0.1.0
[INFO] [stderr]    Compiling serde v1.0.102
[INFO] [stderr]     Checking itoa v0.4.4
[INFO] [stderr]    Compiling rustc-demangle v0.1.16
[INFO] [stderr]     Checking fake-simd v0.1.2
[INFO] [stderr]    Compiling unicode-width v0.1.6
[INFO] [stderr]    Compiling regex-syntax v0.6.12
[INFO] [stderr]    Compiling quick-error v1.2.2
[INFO] [stderr]    Compiling strsim v0.8.0
[INFO] [stderr]    Compiling bindgen v0.48.1
[INFO] [stderr]     Checking matches v0.1.8
[INFO] [stderr]    Compiling ansi_term v0.11.0
[INFO] [stderr]     Checking byte-tools v0.2.0
[INFO] [stderr]    Compiling vec_map v0.8.1
[INFO] [stderr]    Compiling termcolor v1.0.5
[INFO] [stderr]     Checking constant_time_eq v0.1.4
[INFO] [stderr]     Checking arrayref v0.3.5
[INFO] [stderr]    Compiling syn v0.15.44
[INFO] [stderr]     Checking siphasher v0.2.3
[INFO] [stderr]    Compiling remove_dir_all v0.5.2
[INFO] [stderr]     Checking byte-tools v0.3.1
[INFO] [stderr]    Compiling peeking_take_while v0.1.2
[INFO] [stderr]    Compiling ryu v1.0.2
[INFO] [stderr]    Compiling doc-comment v0.3.1
[INFO] [stderr]     Checking md5 v0.3.8
[INFO] [stderr]     Checking fallible-iterator v0.1.6
[INFO] [stderr]    Compiling httparse v1.3.4
[INFO] [stderr]    Compiling gcc v0.3.55
[INFO] [stderr]     Checking tower-service v0.3.0-alpha.1
[INFO] [stderr]     Checking opaque-debug v0.2.3
[INFO] [stderr]     Checking futures v0.1.29
[INFO] [stderr]     Checking try-lock v0.2.2
[INFO] [stderr]     Checking rustc-serialize v0.3.24
[INFO] [stderr]     Checking mime v0.3.14
[INFO] [stderr]     Checking base64 v0.11.0
[INFO] [stderr]     Checking lazy_static v1.4.0
[INFO] [stderr]    Compiling semver v0.9.0
[INFO] [stderr]     Checking lock_api v0.3.1
[INFO] [stderr]     Checking futures-sink-preview v0.3.0-alpha.18
[INFO] [stderr]     Checking futures-channel-preview v0.3.0-alpha.18
[INFO] [stderr]     Checking rand_core v0.3.1
[INFO] [stderr]     Checking rand_jitter v0.1.4
[INFO] [stderr]    Compiling clang-sys v0.26.4
[INFO] [stderr]    Compiling textwrap v0.11.0
[INFO] [stderr]    Compiling humantime v1.3.0
[INFO] [stderr]     Checking unicode-bidi v0.3.4
[INFO] [stderr]    Compiling crossbeam-utils v0.7.0
[INFO] [stderr]    Compiling crossbeam-epoch v0.8.0
[INFO] [stderr]    Compiling num-traits v0.2.9
[INFO] [stderr]    Compiling rand_chacha v0.1.1
[INFO] [stderr]    Compiling rand_pcg v0.1.2
[INFO] [stderr]    Compiling num-integer v0.1.41
[INFO] [stderr]    Compiling rand v0.6.5
[INFO] [stderr]    Compiling indexmap v1.3.0
[INFO] [stderr]     Checking block-buffer v0.3.3
[INFO] [stderr]    Compiling nom v4.2.3
[INFO] [stderr]     Checking block-padding v0.1.5
[INFO] [stderr]     Checking phf_shared v0.7.24
[INFO] [stderr]     Checking crossbeam-utils v0.6.6
[INFO] [stderr]     Checking tracing-core v0.1.7
[INFO] [stderr]     Checking thread_local v0.3.6
[INFO] [stderr]     Checking rand_xorshift v0.1.1
[INFO] [stderr]     Checking rand_isaac v0.1.1
[INFO] [stderr]     Checking rand_hc v0.1.0
[INFO] [stderr]    Compiling rustc_version v0.2.3
[INFO] [stderr]     Checking futures-util-preview v0.3.0-alpha.18
[INFO] [stderr]     Checking pq-sys v0.4.6
[INFO] [stderr]     Checking phf v0.7.24
[INFO] [stderr]     Checking want v0.3.0
[INFO] [stderr]     Checking smallvec v0.6.13
[INFO] [stderr]     Checking crossbeam-queue v0.1.2
[INFO] [stderr]     Checking crossbeam-channel v0.3.9
[INFO] [stderr]    Compiling num_cpus v1.11.1
[INFO] [stderr]    Compiling atty v0.2.13
[INFO] [stderr]    Compiling rand v0.4.6
[INFO] [stderr]     Checking aho-corasick v0.7.6
[INFO] [stderr]    Compiling rust-crypto v0.2.36
[INFO] [stderr]     Checking base64 v0.6.0
[INFO] [stderr]     Checking base64 v0.10.1
[INFO] [stderr]    Compiling hashbrown v0.1.8
[INFO] [stderr]    Compiling memoffset v0.5.3
[INFO] [stderr]    Compiling parking_lot_core v0.6.2
[INFO] [stderr]    Compiling parking_lot v0.9.0
[INFO] [stderr]    Compiling pin-project-internal v0.4.0-alpha.7
[INFO] [stderr]    Compiling quote v1.0.2
[INFO] [stderr]     Checking iovec v0.1.4
[INFO] [stderr]     Checking time v0.1.42
[INFO] [stderr]     Checking net2 v0.2.33
[INFO] [stderr]     Checking rand_os v0.1.3
[INFO] [stderr]     Checking memchr v1.0.2
[INFO] [stderr]     Checking socket2 v0.3.11
[INFO] [stderr]     Checking generic-array v0.9.0
[INFO] [stderr]     Checking generic-array v0.12.3
[INFO] [stderr]    Compiling clap v2.33.0
[INFO] [stderr]     Checking unicode-normalization v0.1.9
[INFO] [stderr]    Compiling quote v0.6.13
[INFO] [stderr]    Compiling tempdir v0.3.7
[INFO] [stderr]     Checking bytes v0.4.12
[INFO] [stderr]     Checking futures-cpupool v0.1.8
[INFO] [stderr]     Checking regex v1.3.1
[INFO] [stderr]     Checking mio v0.6.19
[INFO] [stderr]     Checking digest v0.7.6
[INFO] [stderr]     Checking crypto-mac v0.5.2
[INFO] [stderr]     Checking digest v0.8.1
[INFO] [stderr]     Checking block-buffer v0.7.3
[INFO] [stderr]     Checking rand v0.3.23
[INFO] [stderr]     Checking tokio-sync v0.2.0-alpha.4
[INFO] [stderr]     Checking sha2 v0.7.1
[INFO] [stderr]     Checking hmac v0.5.0
[INFO] [stderr]    Compiling cexpr v0.3.6
[INFO] [stderr]     Checking tokio-io v0.2.0-alpha.4
[INFO] [stderr]     Checking http v0.1.19
[INFO] [stderr]     Checking string v0.2.1
[INFO] [stderr]     Checking stringprep v0.1.2
[INFO] [stderr]     Checking sha-1 v0.8.1
[INFO] [stderr]     Checking mio-uds v0.6.7
[INFO] [stderr]    Compiling crossbeam-deque v0.7.2
[INFO] [stderr]     Checking tokio-codec v0.2.0-alpha.4
[INFO] [stderr]     Checking tower-make v0.1.0-alpha.2
[INFO] [stderr]     Checking env_logger v0.6.2
[INFO] [stderr]     Checking postgres-protocol v0.3.2
[INFO] [stderr]     Checking scheduled-thread-pool v0.2.2
[INFO] [stderr]     Checking r2d2 v0.8.6
[INFO] [stderr]     Checking postgres-shared v0.4.2
[INFO] [stderr]    Compiling rayon v1.2.0
[INFO] [stderr]     Checking chrono v0.4.9
[INFO] [stderr]     Checking uuid v0.7.4
[INFO] [stderr]     Checking serde_json v1.0.41
[INFO] [stderr]     Checking postgres v0.15.2
[INFO] [stderr]     Checking headers-core v0.1.1
[INFO] [stderr]     Checking http-body v0.2.0-alpha.1
[INFO] [stderr]     Checking h2 v0.2.0-alpha.1
[INFO] [stderr]     Checking headers v0.2.3
[INFO] [stderr]     Checking pretty_env_logger v0.3.1
[INFO] [stderr]    Compiling cc v1.0.41
[INFO] [stderr]    Compiling backtrace-sys v0.1.32
[INFO] [stderr]    Compiling libloading v0.5.2
[INFO] [stderr]    Compiling ring v0.14.6
[INFO] [stderr]    Compiling secp256k1 v0.16.0
[INFO] [stderr]    Compiling backtrace v0.3.40
[INFO] [stderr]    Compiling snafu-derive v0.4.4
[INFO] [stderr]    Compiling synstructure v0.12.3
[INFO] [stderr]     Checking snafu v0.4.4
[INFO] [stderr]    Compiling tracing-attributes v0.1.5
[INFO] [stderr]    Compiling tokio-macros v0.2.0-alpha.4
[INFO] [stderr]    Compiling serde_derive v1.0.102
[INFO] [stderr]    Compiling diesel_derives v1.4.1
[INFO] [stderr]    Compiling failure v0.1.6
[INFO] [stderr]    Compiling which v2.0.1
[INFO] [stderr]     Checking dotenv v0.14.1
[INFO] [stderr]     Checking tracing v0.1.10
[INFO] [stderr]     Checking tokio-executor v0.2.0-alpha.4
[INFO] [stderr]     Checking pin-project v0.4.0-alpha.7
[INFO] [stderr]     Checking tokio-timer v0.3.0-alpha.4
[INFO] [stderr]     Checking tokio-net v0.2.0-alpha.4
[INFO] [stderr]     Checking tokio-fs v0.2.0-alpha.4
[INFO] [stderr]     Checking tokio v0.2.0-alpha.4
[INFO] [stderr]     Checking hyper v0.13.0-alpha.1
[INFO] [stderr]     Checking diesel v1.4.3
[INFO] [stderr]     Checking jsonwebtoken v6.0.1
[INFO] [stderr]    Compiling argonautica v0.2.0
[INFO] [stderr]     Checking notajobboard-api-hyper v0.1.0 (/opt/rustwide/workdir)
[INFO] [stdout] error[E0554]: `#![feature]` may not be used on the beta release channel
[INFO] [stdout]  --> src/main.rs:1:1
[INFO] [stdout]   |
[INFO] [stdout] 1 | #![feature(proc_macro_hygiene)]
[INFO] [stdout]   | ^^^^^^^^^^^^^^^^^^^^^^^^^^^^^^^
[INFO] [stdout] 
[INFO] [stdout] 
[INFO] [stdout] error[E0554]: `#![feature]` may not be used on the beta release channel
[INFO] [stdout]  --> src/main.rs:1:1
[INFO] [stdout]   |
[INFO] [stdout] 1 | #![feature(proc_macro_hygiene)]
[INFO] [stdout]   | ^^^^^^^^^^^^^^^^^^^^^^^^^^^^^^^
[INFO] [stdout] 
[INFO] [stdout] 
[INFO] [stdout] error[E0554]: `#![feature]` may not be used on the beta release channel
[INFO] [stdout]  --> src/main.rs:5:1
[INFO] [stdout]   |
[INFO] [stdout] 5 | #![feature(async_closure)]
[INFO] [stdout]   | ^^^^^^^^^^^^^^^^^^^^^^^^^^
[INFO] [stdout] 
[INFO] [stdout] 
[INFO] [stdout] error[E0554]: `#![feature]` may not be used on the beta release channel
[INFO] [stdout]  --> src/main.rs:5:1
[INFO] [stdout]   |
[INFO] [stdout] 5 | #![feature(async_closure)]
[INFO] [stdout]   | ^^^^^^^^^^^^^^^^^^^^^^^^^^
[INFO] [stdout] 
[INFO] [stdout] 
[INFO] [stdout] warning: use of deprecated item 'std::error::Error::description': use the Display impl or to_string()
[INFO] [stdout]   --> src/routes/user_login_logout.rs:27:26
[INFO] [stdout]    |
[INFO] [stdout] 27 |                 ctx: err.description().into(),
[INFO] [stdout]    |                          ^^^^^^^^^^^
[INFO] [stdout]    |
[INFO] [stdout]    = note: `#[warn(deprecated)]` on by default
[INFO] [stdout] 
[INFO] [stdout] 
[INFO] [stdout] warning: use of deprecated item 'std::error::Error::description': use the Display impl or to_string()
[INFO] [stdout]   --> src/routes/user_login_logout.rs:27:26
[INFO] [stdout]    |
[INFO] [stdout] 27 |                 ctx: err.description().into(),
[INFO] [stdout]    |                          ^^^^^^^^^^^
[INFO] [stdout]    |
[INFO] [stdout]    = note: `#[warn(deprecated)]` on by default
[INFO] [stdout] 
[INFO] [stdout] 
[INFO] [stdout] warning: use of deprecated item 'std::error::Error::description': use the Display impl or to_string()
[INFO] [stdout]    --> src/errors.rs:115:22
[INFO] [stdout]     |
[INFO] [stdout] 115 |             ctx: err.description().into(),
[INFO] [stdout]     |                      ^^^^^^^^^^^
[INFO] [stdout] 
[INFO] [stdout] 
[INFO] [stdout] warning: use of deprecated item 'std::error::Error::description': use the Display impl or to_string()
[INFO] [stdout]    --> src/errors.rs:115:22
[INFO] [stdout]     |
[INFO] [stdout] 115 |             ctx: err.description().into(),
[INFO] [stdout]     |                      ^^^^^^^^^^^
[INFO] [stdout] 
[INFO] [stdout] 
[INFO] [stdout] error: aborting due to 2 previous errors; 2 warnings emitted
[INFO] [stdout] 
[INFO] [stdout] 
[INFO] [stdout] For more information about this error, try `rustc --explain E0554`.
[INFO] [stdout] 
[INFO] [stdout] error: aborting due to 2 previous errors; 2 warnings emitted
[INFO] [stdout] 
[INFO] [stdout] 
[INFO] [stdout] For more information about this error, try `rustc --explain E0554`.
[INFO] [stdout] 
[INFO] [stderr] error: could not compile `notajobboard-api-hyper`.
[INFO] [stderr] 
[INFO] [stderr] To learn more, run the command again with --verbose.
[INFO] [stderr] warning: build failed, waiting for other jobs to finish...
[INFO] [stderr] error: build failed
[INFO] running `Command { std: "docker" "inspect" "175c636e97e18fb2cb4a2532b7dfe602660992afe2a7218618dbef90aaf4432c", kill_on_drop: false }`
[INFO] running `Command { std: "docker" "rm" "-f" "175c636e97e18fb2cb4a2532b7dfe602660992afe2a7218618dbef90aaf4432c", kill_on_drop: false }`
[INFO] [stdout] 175c636e97e18fb2cb4a2532b7dfe602660992afe2a7218618dbef90aaf4432c
